e 2, what is -1001101 - -11000001000101111011?
11000001000100101110
In base 15, what is 310 - -2690c?
26c1c
In base 6, what is -34 - -34540140?
34540102
In base 16, what is -17 + 342019?
342002
In base 7, what is 22400 - -64343?
120043
In base 16, what is -5 + 68e701?
68e6fc
In base 15, what is -9 + 3833a2?
383398
In base 5, what is -4 - 2242144034?
-2242144043
In base 10, what is 415457 - -9?
415466
In base 8, what is -174040 + 37?
-174001
In base 7, what is 116523420 + -5?
116523412
In base 2, what is 101000110110110011001 + 10?
101000110110110011011
In base 13, what is 82654ba4 + -2?
82654ba2
In base 10, what is -4415369 - -1?
-4415368
In base 5, what is -112003 - 20300240?
-20412243
In base 8, what is -217733121 + 3?
-217733116
In base 7, what is -5 + 34604043?
34604035
In base 5, what is 31023020 + -41322?
30431143
In base 14, what is -d233 + -2d95?
-121c8
In base 12, what is 141ba87 - -3?
141ba8a
In base 7, what is 105234 - -2355?
110622
In base 6, what is 12 - 14502112115?
-14502112103
In base 7, what is 5 - 1446535513?
-1446535505
In base 9, what is -1874 - 2417?
-4402
In base 6, what is -1215544 + -53501?
-1313445
In base 3, what is -22222 + -11110?
-111102
In base 10, what is 4627831 + 13?
4627844
In base 14, what is 1 + 9000328?
9000329
In base 6, what is 12500321 + -1531?
12454350
In base 15, what is b35 + -2969?
-1d34
In base 2, what is 1101101001000000111 - -10?
1101101001000001001
In base 2, what is 100111010001001 + -111110000?
100110010011001
In base 2, what is -110101011110000110011 - -100110?
-110101011110000001101
In base 11, what is 111 - -623524?
623635
In base 7, what is -13221 + 1424?
-11464
In base 13, what is -24a - -4067b?
40431
In base 8, what is 17320 - -71313?
110633
In base 3, what is 101201021000002 - 12?
101201020222220
In base 11, what is 394707 + -22?
394695
In base 2, what is -101 + 11000010101010011011111?
11000010101010011011010
In base 15, what is -247d9 - b93?
-2547c
In base 5, what is 3003040 + -11133?
2441402
In base 9, what is -1 - -5140252?
5140251
In base 15, what is 7cb - -61a?
de6
In base 14, what is 143238 - -4c?
143286
In base 12, what is -2 + -318a8837?
-318a8839
In base 14, what is -1a8b3b9 - 1c?
-1a8b3d7
In base 7, what is -1 - 610121016?
-610121020
In base 9, what is -4887706743 - 3?
-4887706746
In base 12, what is -131186 - -15a?
-131028
In base 3, what is -101200 - -221220022?
221111122
In base 10, what is 25 + -331523?
-331498
In base 10, what is 253001684 + -5?
253001679
In base 12, what is -5 - 291a491?
-291a496
In base 7, what is 1610 + 110051?
111661
In base 15, what is -57d + 4ad0?
4552
In base 10, what is -9360 + 2461?
-6899
In base 11, what is -108 - 29?
-136
In base 8, what is 234126540 - 6?
234126532
In base 12, what is -136 - 4ab68?
-4b0a2
In base 16, what is -12dcfb9 + -1?
-12dcfba
In base 6, what is -1022 + -25410340?
-25411402
In base 9, what is -864 + 14332?
13357
In base 15, what is -85959 - 179?
-85ad3
In base 16, what is 3d - a3e117?
-a3e0da
In base 11, what is 372 - 54?
319
In base 10, what is -1616314 - -162?
-1616152
In base 11, what is 69 + 5918?
5986
In base 8, what is 720304 - 107?
720175
In base 8, what is 2 - -2731754?
2731756
In base 7, what is -23224131 - 316?
-23224450
In base 7, what is -23 - 525345?
-525401
In base 3, what is 1000202012210 - 0?
1000202012210
In base 6, what is 111 + 1133540104?
1133540215
In base 13, what is b - -5b9726?
5b9734
In base 7, what is 442 + -11236063?
-11235321
In base 7, what is 311 - 165260?
-164646
In base 10, what is 2 + -20724181?
-20724179
In base 12, what is -4 - 13ba2724?
-13ba2728
In base 16, what is -dba - 8a3f?
-97f9
In base 14, what is -17 + 78504?
784cb
In base 5, what is -1403233 + -24322?
-1433110
In base 5, what is 12041 + -322010?
-304414
In base 14, what is 115723 - 10?
115713
In base 4, what is 3033122222300 - -10?
3033122222310
In base 12, what is -182025 - 15?
-18203a
In base 4, what is -10131330 - -131102?
-10000222
In base 16, what is 0 - -d4218?
d4218
In base 10, what is 55 - 218681?
-218626
In base 6, what is 11255 - -111415?
123114
In base 13, what is 6581 + -24b?
6333
In base 16, what is eee9c0 + 2?
eee9c2
In base 4, what is -320032202002 + -11?
-320032202013
In base 14, what is 14 + -1834c79?
-1834c65
In base 11, what is 22834a2 + -a0?
2283402
In base 2, what is -1010001011000000110111110011 - 100?
-1010001011000000110111110111
In base 6, what is 3050 + 1412512?
1420002
In base 15, what is -90d89 - c?
-90d96
In base 7, what is -2 + 11253252?
11253250
In base 6, what is -101120 - -400320?
255200
In base 8, what is 7 + 271113?
271122
In base 14, what is d49270ad - -5?
d49270b4
In base 6, what is -1 - 1344441210?
-1344441211
In base 11, what is -86206 - -2a?
-86187
In base 4, what is 103133 - -3232130?
10001323
In base 9, what is 111 + 3474252?
3474363
In base 9, what is -472 - 117133?
-117615
In base 6, what is -1214 - -13335005?
13333351
In base 11, what is 205 + -1382980?
-1382776
In base 13, what is -22157 + 22b?
-21c29
In base 10, what is 535 - -87466?
88001
In base 15, what is -2 - -28c447e?
28c447c
In base 2, what is 10001101011001000 + 11010010?
10001101110011010
In base 8, what is 3 + 362467206?
362467211
In base 4, what is 20102300103 - 113?
20102233330
In base 10, what is -17 + -187473?
-187490
In base 16, what is 8 + 33b3093?
33b309b
In base 15, what is 11 - 4a1c5?
-4a1b4
In base 4, what is -1113121100331 + -120?
-1113121101111
In base 15, what is 256d8c + 4?
256d91
In base 13, what is 26 + -72854?
-7282b
In base 7, what is -3314261 - 5?
-3314266
In base 10, what is -48751 + -422?
-49173
In base 6, what is -10414451 + 133?
-10414314
In base 8, what is 105532 + -32?
105500
In base 3, what is -1002110120111002 - -22?
-1002110120110210
In base 11, what is -81965 - 11a?
-81a84
In base 8, what is -21215557 + -6?
-21215565
In base 16, what is -5 + -4d3377?
-4d337c
In base 16, what is 16e397 + 8?
16e39f
In base 14, what is -1376ab247 - 3?
-1376ab24a
In base 15, what is -2044c + 2a?
-20422
In base 13, what is -140b + 184?
-1257
In base 11, what is -1 + 313a807?
313a806
In base 13, what is 6 - 22a4938?
-22a4932
In base 11, what is 46827 - 241?
46596
In base 3, what is -21202201210 - 20022?
-21202222002
In base 14, what is -72143 + b1?
-72072
In base 10, what is -2433267 + 64?
-2433203
In base 11, what is 8789 - -5?
8793
In base 8, what is -12606 + -54264?
-67072
In base 15, what is 3 + -6940de?
-6940db
In base 7, what is 406 - 1426651?
-1426242
In base 2, what is -1011101111110100010100 - -1010001?
-1011101111110011000011
In base 4, what is -111220 - 3233330?
-10011210
In base 7, what is 2 - -130246456?
130246461
In base 9, what is -20 - -33466212?
33466182
In base 4, what is 1212 - 201131023?
-201123211
In base 2, what is -100 - 11110100010001100111101?
-11110100010001101000001
In base 14, what is -ad + -1a55?
-1b24
In base 10, what is 961 - 110343?
-109382
In base 4, what is 23222302231 + 10?
23222302301
In base 5, what is -143211224 + -310?
-143212034
In base 14, what is -39c800c + 4?
-39c8008
In base 8, what is 2445423 - 25?
2445376
In base 9, what is 6362484 - -5?
6362500
In base 5, what is 1102304 + -2024120?
-421311
In base 11, what is 1246366 + -195?
1246181
In base 12, what is -5 + -1387507?
-1387510
In base 2, what is -1100100100001111001 - -101000?
-1100100100001010001
In base 7, what is 203 - 11262641?
-11262435
In base 11, what is -10653a9 + -2?
-1065400
In base 4, what is 2103011201 + 11?
2103011212
In base 13, what is 1 - -3bc23ac?
3bc23b0
In base 5, what is -1 + -203340341303?
-203340341304
In base 9, what is -23052412 + 3?
-23052408
In base 16, what is -1cc7 + f8ba?
dbf3
In base 11, what is -69 + -437642?
-437700
In base 11, what is 40 + -17a1900?
-17a1870
In base 5, what is -334 - -330144?
324310
In base 13, what is 714a2 + b?
714b0
In base 16, what is -20 - 6ecc0d?
-6ecc2d
In base 6, what is -3001330 - 423?
-3002153
In base 13, what is 16 - -cb849?
cb862
In base 8, what is 30 + 16275151?
16275201
In base 10, what is 4 - -21828064?
21828068
In base 7, what is 414235 + -2244?
411661
In base 8, what is -63442436 - -3?
-63442433
In base 4, what is 21223 - -2321123?
3003012
In base 3, what is 2 + 10022221112022221?
10022221112100000
In base 8, what is -1241 + 55552?
54311
In base 6, w